{"id":2142,"date":"2022-09-14T12:11:53","date_gmt":"2022-09-14T12:11:53","guid":{"rendered":"https:\/\/dekoll.al\/pinto\/?post_type=product&#038;p=2142"},"modified":"2022-09-27T08:52:30","modified_gmt":"2022-09-27T08:52:30","slug":"grafiato-silikoni","status":"publish","type":"product","link":"https:\/\/dekoll.al\/pinto\/product\/grafiato-silikoni\/","title":{"rendered":"Grafiato Silikoni"},"content":{"rendered":"<p>Produkti p\u00ebrzihet derisa t\u00eb formohet nj\u00eb mas\u00eb homogjene dhe leht\u00ebsisht e aplikueshme. P\u00ebrzierja mund t\u00eb b\u00ebhet me nj\u00eb p\u00ebrzier\u00ebs elektrik me xhiro t\u00eb ngadalta, duhet treguar kujdes q\u00eb p\u00ebrzier\u00ebsi t\u00eb jet\u00eb plot\u00ebsisht i past\u00ebr nga mbetje pigmentesh t\u00eb ndryshme p\u00ebr t\u00eb shmangur \u00e7do ndryshim n\u00eb produktin e formuar. Aplikimi i produktit realizohet n\u00eb m\u00ebnyr\u00eb manuale n\u00ebp\u00ebrmjet nj\u00eb malle,dhe punohet n\u00eb drejtim horizontal, vertikal ose rrethor n\u00eb var\u00ebsi t\u00eb efektit estetik q\u00eb d\u00ebshiron t\u00eb realizosh. Punueshm\u00ebria varet nga temperatura e ambientit.<\/p>\n<p>Pamja: Paste Ngjyra: E bardhe Paketimi: Kove plastike 25 kg Djegshm\u00ebria: I padjegsh\u00ebm Forca ngjitese: 0.4 MPa Dend\u00ebsia : 1,85 \u00b1 0.05kg\/lt Koha e punueshmerise: 20 min ne 20\u00b0C Temperatura e aplikimit: +8\u00b0C deri +30\u00b0C dhe lageshtia relative me e ulet se 80%. Durueshmeria: 0.8 MPa ( e larte ) Rezistenca ne perkulje: 5 N\/mm2 pH i p\u00ebrzierjes: 8 \u2013 9 Rezistenca ndaj lageshtires: E mire Absorbimi i ujit: Kategoria W3 (i ulet) Pershkueshmeria e avujve: Kategoria V3 ( e ulet) Percjellshmeria Termike: 0.93 W\/mK Ruajtja: 24 muaj ne paketim origjinal. Ruhet ne vende te mbrojtura nga ekspozimi ne diell. Mbrojeni nga ngricat.<\/p>\n","protected":false},"excerpt":{"rendered":"<p>Veshje dekorative p\u00ebr p\u00ebrdorim fasadash t\u00eb jashtme. Esht\u00eb nj\u00eb produkt ekologjikisht i testuar i prodhuar n\u00eb baz\u00eb t\u00eb teknologjise HTT q\u00eb b\u00ebn t\u00eb mundur ajrosjen e murit dhe parandalimin e mykut. Ky produkt nuk lejon plasaritjet dhe nuk lejon q\u00eb papast\u00ebrtit\u00eb t\u00eb unifikohen me t\u00eb, k\u00ebshtu q\u00eb arrin t\u00eb vet\u00ebpastrohet shum\u00eb leht\u00eb.<\/p>\n","protected":false},"featured_media":2212,"template":"","meta":[],"product_cat":[72,74],"product_tag":[],"class_list":["post-2142","product","type-product","status-publish","has-post-thumbnail","hentry","product_cat-veshje-dekorative-akrilike","product_cat-grafiato"],"_links":{"self":[{"href":"https:\/\/dekoll.al\/pinto\/wp-json\/wp\/v2\/product\/2142","targetHints":{"allow":["GET"]}}],"collection":[{"href":"https:\/\/dekoll.al\/pinto\/wp-json\/wp\/v2\/product"}],"about":[{"href":"https:\/\/dekoll.al\/pinto\/wp-json\/wp\/v2\/types\/product"}],"wp:featuredmedia":[{"embeddable":true,"href":"https:\/\/dekoll.al\/pinto\/wp-json\/wp\/v2\/media\/2212"}],"wp:attachment":[{"href":"https:\/\/dekoll.al\/pinto\/wp-json\/wp\/v2\/media?parent=2142"}],"wp:term":[{"taxonomy":"product_cat","embeddable":true,"href":"https:\/\/dekoll.al\/pinto\/wp-json\/wp\/v2\/product_cat?post=2142"},{"taxonomy":"product_tag","embeddable":true,"href":"https:\/\/dekoll.al\/pinto\/wp-json\/wp\/v2\/product_tag?post=2142"}],"curies":[{"name":"wp","href":"https:\/\/api.w.org\/{rel}","templated":true}]}}