{"id":2109,"date":"2022-09-14T11:14:04","date_gmt":"2022-09-14T11:14:04","guid":{"rendered":"https:\/\/dekoll.al\/pinto\/?post_type=product&#038;p=2109"},"modified":"2022-09-14T11:14:05","modified_gmt":"2022-09-14T11:14:05","slug":"metal-primer-rapid","status":"publish","type":"product","link":"https:\/\/dekoll.al\/pinto\/product\/metal-primer-rapid\/","title":{"rendered":"Metal Primer Rapid"},"content":{"rendered":"<p>Sip\u00ebrfaqja duhet t\u00eb jet\u00eb e past\u00ebr, e that\u00eb dhe pa pluhura. Para se t\u00eb lyhet ajo duhet t\u00eb g\u00ebrryhet me let\u00ebr t\u00eb p\u00ebrshtatshme zmerili. Aplikohet nj\u00eb ose dy duar METAL PRIMER RAPID p\u00ebr mbrojtje kundra ndryshkut. Kur t\u00eb jet\u00eb thar\u00eb plot\u00ebsisht mund t\u00eb zmerilohet, duke siguruar nj\u00eb lidhje t\u00eb fort\u00eb me shtres\u00ebn p\u00ebrfundimtare (PINTOSMALT RAPID). Trajtime t\u00eb tilla si zmerilimi mund t\u00eb gjenerojn\u00eb pluhur dhe tymra t\u00eb rrezikshme. Punoni n\u00eb vende t\u00eb ajrosura mir\u00eb dhe p\u00ebrdorni paisje personale t\u00eb p\u00ebrshtatshme p\u00ebr frym\u00ebmarrje n\u00ebse \u00ebsht\u00eb e nevojshme. Largoni sa m\u00eb shum\u00eb boj\u00eb nga fur\u00e7at dhe pajisjet para pastrimit t\u00eb tyre. Pastroni furcat dhe paisjet me tret\u00ebs menj\u00ebher\u00eb pas p\u00ebrdorimit.<\/p>\n<p>Lloji: Astar kundra ndryshkut me tharje t\u00eb shpejt\u00eb Densiteti (EN ISO 2811-1): 1.33-1.43 \u00b1 0,02 gr\/cm3 Hollimi: 5-10% me DILUENT p\u00ebr fur\u00e7\u00eb dhe rul, nd\u00ebrsa p\u00ebr pistolet\u00eb 10-20% Viskoziteti: 100-110 KU (25\u00b0C) Koha e tharjes: 20 min. Kjo varet nga kushtet e motit (temperatura, lag\u00ebshtia). Shtresa finale PINTO SMALTO RAPID i kalohet 1 or\u00eb pas aplikimit t\u00eb METAL PRIMER RAPID. VOC ne produktin e gatshem: \u2264 100 VOC emetimi ne ambient: \u2265 20 Norma e mbulimit: 9-11 m2 \/L p\u00ebr shtres\u00eb (dor\u00eb); n\u00eb sip\u00ebrfaqet e p\u00ebrgatitura per lyerje, n\u00eb var\u00ebsi t\u00eb thithshmeris\u00eb s\u00eb sip\u00ebrfaqes. Metoda e aplikimit: Fur\u00e7\u00eb, rul ose pistolet\u00eb Temperatura per aplikim: +8\u00b0C deri ne +30\u00b0C dhe lageshti relative me e ulet se 80%. Paketimi: 0.75L, 2.5L Ruajtja: 24 muaj n\u00eb paketim origjinal. Ruhet ne vende te mbrojtura nga ekspozimi ne diell. Mbrojeni nga ngricat.<\/p>\n","protected":false},"excerpt":{"rendered":"<p>Astar kundra ndryshkut me baz\u00eb alkide, dhe pigmente antikorrozive, pa p\u00ebrb\u00ebrje plumbi. Ideal p\u00ebr mbrojtje kundra ndryshkut t\u00eb sip\u00ebrfaqeve metalike t\u00eb ekspozuara n\u00eb ambjente okside. P\u00ebrdoret p\u00ebr lyerjen e konstruksioneve metalike n\u00eb ambiente industriale, si psh: kapanone, ura, shkalle.<\/p>\n","protected":false},"featured_media":2107,"template":"","meta":[],"product_cat":[63,64],"product_tag":[],"class_list":["post-2109","product","type-product","status-publish","has-post-thumbnail","hentry","product_cat-produkte-per-metale","product_cat-astare-produkte-per-metale"],"_links":{"self":[{"href":"https:\/\/dekoll.al\/pinto\/wp-json\/wp\/v2\/product\/2109","targetHints":{"allow":["GET"]}}],"collection":[{"href":"https:\/\/dekoll.al\/pinto\/wp-json\/wp\/v2\/product"}],"about":[{"href":"https:\/\/dekoll.al\/pinto\/wp-json\/wp\/v2\/types\/product"}],"wp:featuredmedia":[{"embeddable":true,"href":"https:\/\/dekoll.al\/pinto\/wp-json\/wp\/v2\/media\/2107"}],"wp:attachment":[{"href":"https:\/\/dekoll.al\/pinto\/wp-json\/wp\/v2\/media?parent=2109"}],"wp:term":[{"taxonomy":"product_cat","embeddable":true,"href":"https:\/\/dekoll.al\/pinto\/wp-json\/wp\/v2\/product_cat?post=2109"},{"taxonomy":"product_tag","embeddable":true,"href":"https:\/\/dekoll.al\/pinto\/wp-json\/wp\/v2\/product_tag?post=2109"}],"curies":[{"name":"wp","href":"https:\/\/api.w.org\/{rel}","templated":true}]}}