{"id":1799,"date":"2022-08-31T10:28:15","date_gmt":"2022-08-31T10:28:15","guid":{"rendered":"https:\/\/dekoll.al\/pinto\/?page_id=1799"},"modified":"2022-09-13T07:59:08","modified_gmt":"2022-09-13T07:59:08","slug":"blog","status":"publish","type":"page","link":"https:\/\/dekoll.al\/pinto\/blog\/","title":{"rendered":"Blog"},"content":{"rendered":"\t\t<div data-elementor-type=\"wp-page\" data-elementor-id=\"1799\" class=\"elementor elementor-1799\">\n\t\t\t\t\t\t\t\t\t<section class=\"ob-is-breaking-bad elementor-section elementor-top-section elementor-element elementor-element-4a91713f elementor-section-full_width elementor-section-stretched elementor-section-height-default elementor-section-height-default\" data-id=\"4a91713f\" data-element_type=\"section\" data-settings=\"{&quot;background_background&quot;:&quot;classic&quot;,&quot;stretch_section&quot;:&quot;section-stretched&quot;,&quot;_ob_bbad_use_it&quot;:&quot;yes&quot;,&quot;_ob_bbad_sssic_use&quot;:&quot;no&quot;,&quot;_ob_glider_is_slider&quot;:&quot;no&quot;}\">\n\t\t\t\t\t\t<div class=\"elementor-container elementor-column-gap-default\">\n\t\t\t\t\t<div class=\"elementor-column elementor-col-100 elementor-top-column elementor-element elementor-element-4c6f8752\" data-id=\"4c6f8752\" data-element_type=\"column\" data-settings=\"{&quot;_ob_bbad_is_stalker&quot;:&quot;no&quot;,&quot;_ob_teleporter_use&quot;:false,&quot;_ob_column_hoveranimator&quot;:&quot;no&quot;,&quot;_ob_column_has_pseudo&quot;:&quot;no&quot;}\">\n\t\t\t<div class=\"elementor-widget-wrap elementor-element-populated\">\n\t\t\t\t\t\t\t\t<div class=\"elementor-element elementor-element-4ddb257 ob-harakiri-inherit ob-has-background-overlay elementor-widget elementor-widget-heading\" data-id=\"4ddb257\" data-element_type=\"widget\" data-settings=\"{&quot;_ob_use_harakiri&quot;:&quot;yes&quot;,&quot;_ob_harakiri_writing_mode&quot;:&quot;inherit&quot;,&quot;_ob_harakiri_text_clip&quot;:&quot;none&quot;,&quot;_ob_perspektive_use&quot;:&quot;no&quot;,&quot;_ob_poopart_use&quot;:&quot;yes&quot;,&quot;_ob_shadough_use&quot;:&quot;no&quot;,&quot;_ob_allow_hoveranimator&quot;:&quot;no&quot;,&quot;_ob_widget_stalker_use&quot;:&quot;no&quot;}\" data-widget_type=\"heading.default\">\n\t\t\t\t<div class=\"elementor-widget-container\">\n\t\t\t<style>\/*! elementor - v3.14.0 - 26-06-2023 *\/\n.elementor-heading-title{padding:0;margin:0;line-height:1}.elementor-widget-heading .elementor-heading-title[class*=elementor-size-]>a{color:inherit;font-size:inherit;line-height:inherit}.elementor-widget-heading .elementor-heading-title.elementor-size-small{font-size:15px}.elementor-widget-heading .elementor-heading-title.elementor-size-medium{font-size:19px}.elementor-widget-heading .elementor-heading-title.elementor-size-large{font-size:29px}.elementor-widget-heading .elementor-heading-title.elementor-size-xl{font-size:39px}.elementor-widget-heading .elementor-heading-title.elementor-size-xxl{font-size:59px}<\/style><h2 class=\"elementor-heading-title elementor-size-default\">Blogu\n<\/h2>\t\t<\/div>\n\t\t\t\t<\/div>\n\t\t\t\t\t<\/div>\n\t\t<\/div>\n\t\t\t\t\t\t\t<\/div>\n\t\t<\/section>\n\t\t\t\t<section class=\"ob-is-breaking-bad elementor-section elementor-top-section elementor-element elementor-element-4631684 elementor-section-full_width elementor-section-height-default elementor-section-height-default\" data-id=\"4631684\" data-element_type=\"section\" data-settings=\"{&quot;_ob_bbad_use_it&quot;:&quot;yes&quot;,&quot;_ob_bbad_sssic_use&quot;:&quot;no&quot;,&quot;_ob_glider_is_slider&quot;:&quot;no&quot;}\">\n\t\t\t\t\t\t<div class=\"elementor-container elementor-column-gap-no\">\n\t\t\t\t\t<div class=\"elementor-column elementor-col-100 elementor-top-column elementor-element elementor-element-6354e7c\" data-id=\"6354e7c\" data-element_type=\"column\" data-settings=\"{&quot;_ob_bbad_is_stalker&quot;:&quot;no&quot;,&quot;_ob_teleporter_use&quot;:false,&quot;_ob_column_hoveranimator&quot;:&quot;no&quot;,&quot;_ob_column_has_pseudo&quot;:&quot;no&quot;}\">\n\t\t\t<div class=\"elementor-widget-wrap elementor-element-populated\">\n\t\t\t\t\t\t\t\t<div class=\"elementor-element elementor-element-760b0ef elementor-grid-4 elementor-posts--align-left elementor-grid-tablet-2 elementor-grid-mobile-1 elementor-posts--thumbnail-top elementor-posts__hover-gradient ob-has-background-overlay elementor-widget elementor-widget-posts\" data-id=\"760b0ef\" data-element_type=\"widget\" data-settings=\"{&quot;cards_columns&quot;:&quot;4&quot;,&quot;cards_row_gap&quot;:{&quot;unit&quot;:&quot;px&quot;,&quot;size&quot;:30,&quot;sizes&quot;:[]},&quot;cards_row_gap_tablet&quot;:{&quot;unit&quot;:&quot;px&quot;,&quot;size&quot;:40,&quot;sizes&quot;:[]},&quot;cards_columns_tablet&quot;:&quot;2&quot;,&quot;cards_columns_mobile&quot;:&quot;1&quot;,&quot;cards_row_gap_mobile&quot;:{&quot;unit&quot;:&quot;px&quot;,&quot;size&quot;:&quot;&quot;,&quot;sizes&quot;:[]},&quot;_ob_perspektive_use&quot;:&quot;no&quot;,&quot;_ob_poopart_use&quot;:&quot;yes&quot;,&quot;_ob_shadough_use&quot;:&quot;no&quot;,&quot;_ob_allow_hoveranimator&quot;:&quot;no&quot;,&quot;_ob_widget_stalker_use&quot;:&quot;no&quot;}\" data-widget_type=\"posts.cards\">\n\t\t\t\t<div class=\"elementor-widget-container\">\n\t\t\t<link rel=\"stylesheet\" href=\"https:\/\/dekoll.al\/pinto\/wp-content\/plugins\/elementor-pro\/assets\/css\/widget-posts.min.css\">\t\t<div class=\"elementor-posts-container elementor-posts elementor-posts--skin-cards elementor-grid\">\n\t\t\t\t<article class=\"elementor-post elementor-grid-item post-1272 post type-post status-publish format-standard has-post-thumbnail hentry category-pinto-blog\">\n\t\t\t<div class=\"elementor-post__card\">\n\t\t\t\t<a class=\"elementor-post__thumbnail__link\" href=\"https:\/\/dekoll.al\/pinto\/2022\/08\/02\/zgjedhja-e-ngjyrave-per-ambientet-e-brendshme\/\" ><div class=\"elementor-post__thumbnail\"><img loading=\"lazy\" decoding=\"async\" width=\"800\" height=\"533\" src=\"https:\/\/dekoll.al\/pinto\/wp-content\/uploads\/2022\/08\/interior-bojrat.jpg\" class=\"attachment-large size-large wp-image-1273\" alt=\"\" srcset=\"https:\/\/dekoll.al\/pinto\/wp-content\/uploads\/2022\/08\/interior-bojrat.jpg 941w, https:\/\/dekoll.al\/pinto\/wp-content\/uploads\/2022\/08\/interior-bojrat-300x200.jpg 300w, https:\/\/dekoll.al\/pinto\/wp-content\/uploads\/2022\/08\/interior-bojrat-768x512.jpg 768w, https:\/\/dekoll.al\/pinto\/wp-content\/uploads\/2022\/08\/interior-bojrat-18x12.jpg 18w, https:\/\/dekoll.al\/pinto\/wp-content\/uploads\/2022\/08\/interior-bojrat-600x400.jpg 600w\" sizes=\"auto, (max-width: 800px) 100vw, 800px\" \/><\/div><\/a>\n\t\t\t\t<div class=\"elementor-post__text\">\n\t\t\t\t<h3 class=\"elementor-post__title\">\n\t\t\t<a href=\"https:\/\/dekoll.al\/pinto\/2022\/08\/02\/zgjedhja-e-ngjyrave-per-ambientet-e-brendshme\/\" >\n\t\t\t\tZgjedhja e ngjyrave p\u00ebr ambientet e brendshme\t\t\t<\/a>\n\t\t<\/h3>\n\t\t\t\t<div class=\"elementor-post__excerpt\">\n\t\t\t<p>M\u00ebnyra m\u00eb e mir\u00eb p\u00ebr t\u00eb p\u00ebrmir\u00ebsuar humorin tuaj \u00ebsht\u00eb: ngjyra. Ngjyra \u00ebsht\u00eb nj\u00eb mjet i fuqish\u00ebm dizajni, q\u00eb mund ti b\u00ebj\u00eb dhomat n\u00eb sht\u00ebpin\u00eb<\/p>\n\t\t<\/div>\n\t\t\t\t\t<div class=\"elementor-post__read-more-wrapper\">\n\t\t\n\t\t<a class=\"elementor-post__read-more\" href=\"https:\/\/dekoll.al\/pinto\/2022\/08\/02\/zgjedhja-e-ngjyrave-per-ambientet-e-brendshme\/\" >\n\t\t\tLexo m\u00eb shum\u00eb \u00bb\t\t<\/a>\n\n\t\t\t\t\t<\/div>\n\t\t\t\t<\/div>\n\t\t\t\t\t<\/div>\n\t\t<\/article>\n\t\t\t\t<article class=\"elementor-post elementor-grid-item post-1269 post type-post status-publish format-standard has-post-thumbnail hentry category-pinto-blog\">\n\t\t\t<div class=\"elementor-post__card\">\n\t\t\t\t<a class=\"elementor-post__thumbnail__link\" href=\"https:\/\/dekoll.al\/pinto\/2022\/08\/02\/zbuloni-trendin-e-ngjyrave-per-muret-dhe-si-ti-beni-tuajat-ato-me-cilesoret\/\" ><div class=\"elementor-post__thumbnail\"><img loading=\"lazy\" decoding=\"async\" width=\"800\" height=\"352\" src=\"https:\/\/dekoll.al\/pinto\/wp-content\/uploads\/2022\/08\/baner3-1024x450.jpg\" class=\"attachment-large size-large wp-image-1270\" alt=\"\" srcset=\"https:\/\/dekoll.al\/pinto\/wp-content\/uploads\/2022\/08\/baner3-1024x450.jpg 1024w, https:\/\/dekoll.al\/pinto\/wp-content\/uploads\/2022\/08\/baner3-300x132.jpg 300w, https:\/\/dekoll.al\/pinto\/wp-content\/uploads\/2022\/08\/baner3-768x337.jpg 768w, https:\/\/dekoll.al\/pinto\/wp-content\/uploads\/2022\/08\/baner3-18x8.jpg 18w, https:\/\/dekoll.al\/pinto\/wp-content\/uploads\/2022\/08\/baner3-600x264.jpg 600w, https:\/\/dekoll.al\/pinto\/wp-content\/uploads\/2022\/08\/baner3.jpg 1138w\" sizes=\"auto, (max-width: 800px) 100vw, 800px\" \/><\/div><\/a>\n\t\t\t\t<div class=\"elementor-post__text\">\n\t\t\t\t<h3 class=\"elementor-post__title\">\n\t\t\t<a href=\"https:\/\/dekoll.al\/pinto\/2022\/08\/02\/zbuloni-trendin-e-ngjyrave-per-muret-dhe-si-ti-beni-tuajat-ato-me-cilesoret\/\" >\n\t\t\t\tZbuloni trendin e ngjyrave p\u00ebr muret dhe si t\u2019I b\u00ebni tuajat ato m\u00eb cil\u00ebsoret\t\t\t<\/a>\n\t\t<\/h3>\n\t\t\t\t<div class=\"elementor-post__excerpt\">\n\t\t\t<p>Ka ardhur momenti t\u2019i jepni nj\u00eb pamje origjinale ambienteve t\u00eb sht\u00ebpis\u00eb apo biznesit tuaj? Ju p\u00eblqejn\u00eb ngjyrat e ve\u00e7anta? Nuk do t\u00eb ishte aspak nj\u00eb<\/p>\n\t\t<\/div>\n\t\t\t\t\t<div class=\"elementor-post__read-more-wrapper\">\n\t\t\n\t\t<a class=\"elementor-post__read-more\" href=\"https:\/\/dekoll.al\/pinto\/2022\/08\/02\/zbuloni-trendin-e-ngjyrave-per-muret-dhe-si-ti-beni-tuajat-ato-me-cilesoret\/\" >\n\t\t\tLexo m\u00eb shum\u00eb \u00bb\t\t<\/a>\n\n\t\t\t\t\t<\/div>\n\t\t\t\t<\/div>\n\t\t\t\t\t<\/div>\n\t\t<\/article>\n\t\t\t\t<article class=\"elementor-post elementor-grid-item post-1265 post type-post status-publish format-standard has-post-thumbnail hentry category-pinto-blog\">\n\t\t\t<div class=\"elementor-post__card\">\n\t\t\t\t<a class=\"elementor-post__thumbnail__link\" href=\"https:\/\/dekoll.al\/pinto\/2022\/08\/02\/ngrohte-ne-dimer-dhe-fresket-ne-vere-ja-pse-duhet-te-zgjedhim-termoizolimin\/\" ><div class=\"elementor-post__thumbnail\"><img loading=\"lazy\" decoding=\"async\" width=\"800\" height=\"352\" src=\"https:\/\/dekoll.al\/pinto\/wp-content\/uploads\/2022\/08\/banner2-1024x450.jpg\" class=\"attachment-large size-large wp-image-1267\" alt=\"\" srcset=\"https:\/\/dekoll.al\/pinto\/wp-content\/uploads\/2022\/08\/banner2-1024x450.jpg 1024w, https:\/\/dekoll.al\/pinto\/wp-content\/uploads\/2022\/08\/banner2-300x132.jpg 300w, https:\/\/dekoll.al\/pinto\/wp-content\/uploads\/2022\/08\/banner2-768x337.jpg 768w, https:\/\/dekoll.al\/pinto\/wp-content\/uploads\/2022\/08\/banner2-18x8.jpg 18w, https:\/\/dekoll.al\/pinto\/wp-content\/uploads\/2022\/08\/banner2-600x264.jpg 600w, https:\/\/dekoll.al\/pinto\/wp-content\/uploads\/2022\/08\/banner2.jpg 1138w\" sizes=\"auto, (max-width: 800px) 100vw, 800px\" \/><\/div><\/a>\n\t\t\t\t<div class=\"elementor-post__text\">\n\t\t\t\t<h3 class=\"elementor-post__title\">\n\t\t\t<a href=\"https:\/\/dekoll.al\/pinto\/2022\/08\/02\/ngrohte-ne-dimer-dhe-fresket-ne-vere-ja-pse-duhet-te-zgjedhim-termoizolimin\/\" >\n\t\t\t\tNgroht\u00eb n\u00eb dim\u00ebr dhe fresk\u00ebt n\u00eb ver\u00eb, ja pse duhet t\u00eb zgjedhim termoizolimin\t\t\t<\/a>\n\t\t<\/h3>\n\t\t\t\t<div class=\"elementor-post__excerpt\">\n\t\t\t<p>Shpesh termoizolimi i sht\u00ebpis\u00eb konsiderohet si nj\u00eb shpenzim i tep\u00ebrt, di\u00e7ka q\u00eb k\u00ebrkon shum\u00eb impenjim ose p\u00ebrb\u00ebn luks. Kjo bindje mbetet e pabazuar n\u00eb fakte<\/p>\n\t\t<\/div>\n\t\t\t\t\t<div class=\"elementor-post__read-more-wrapper\">\n\t\t\n\t\t<a class=\"elementor-post__read-more\" href=\"https:\/\/dekoll.al\/pinto\/2022\/08\/02\/ngrohte-ne-dimer-dhe-fresket-ne-vere-ja-pse-duhet-te-zgjedhim-termoizolimin\/\" >\n\t\t\tLexo m\u00eb shum\u00eb \u00bb\t\t<\/a>\n\n\t\t\t\t\t<\/div>\n\t\t\t\t<\/div>\n\t\t\t\t\t<\/div>\n\t\t<\/article>\n\t\t\t\t<article class=\"elementor-post elementor-grid-item post-1261 post type-post status-publish format-standard has-post-thumbnail hentry category-pinto-blog\">\n\t\t\t<div class=\"elementor-post__card\">\n\t\t\t\t<a class=\"elementor-post__thumbnail__link\" href=\"https:\/\/dekoll.al\/pinto\/2022\/08\/02\/si-te-merrem-me-mykun-ne-mure\/\" ><div class=\"elementor-post__thumbnail\"><img loading=\"lazy\" decoding=\"async\" width=\"800\" height=\"350\" src=\"https:\/\/dekoll.al\/pinto\/wp-content\/uploads\/2022\/08\/banner1.jpg\" class=\"attachment-large size-large wp-image-1262\" alt=\"\" srcset=\"https:\/\/dekoll.al\/pinto\/wp-content\/uploads\/2022\/08\/banner1.jpg 800w, https:\/\/dekoll.al\/pinto\/wp-content\/uploads\/2022\/08\/banner1-300x131.jpg 300w, https:\/\/dekoll.al\/pinto\/wp-content\/uploads\/2022\/08\/banner1-768x336.jpg 768w, https:\/\/dekoll.al\/pinto\/wp-content\/uploads\/2022\/08\/banner1-18x8.jpg 18w, https:\/\/dekoll.al\/pinto\/wp-content\/uploads\/2022\/08\/banner1-600x263.jpg 600w\" sizes=\"auto, (max-width: 800px) 100vw, 800px\" \/><\/div><\/a>\n\t\t\t\t<div class=\"elementor-post__text\">\n\t\t\t\t<h3 class=\"elementor-post__title\">\n\t\t\t<a href=\"https:\/\/dekoll.al\/pinto\/2022\/08\/02\/si-te-merrem-me-mykun-ne-mure\/\" >\n\t\t\t\tSi t\u00eb merrem me mykun n\u00eb mure?\t\t\t<\/a>\n\t\t<\/h3>\n\t\t\t\t<div class=\"elementor-post__excerpt\">\n\t\t\t<p>Myku, bakteret n\u00eb mure \u00ebsht\u00eb nj\u00eb nga problemet m\u00eb t\u00eb zakonshme q\u00eb p\u00ebrballemi shpesh br\u00ebnda sht\u00ebpive tona.\u00a0Arsyet p\u00ebr mykun n\u00eb tavan \u00ebsht\u00eb kryesishte lag\u00ebshtia.\u00a0N\u00eb p\u00ebrgjith\u00ebsi<\/p>\n\t\t<\/div>\n\t\t\t\t\t<div class=\"elementor-post__read-more-wrapper\">\n\t\t\n\t\t<a class=\"elementor-post__read-more\" href=\"https:\/\/dekoll.al\/pinto\/2022\/08\/02\/si-te-merrem-me-mykun-ne-mure\/\" >\n\t\t\tLexo m\u00eb shum\u00eb \u00bb\t\t<\/a>\n\n\t\t\t\t\t<\/div>\n\t\t\t\t<\/div>\n\t\t\t\t\t<\/div>\n\t\t<\/article>\n\t\t\t\t<\/div>\n\t\t\n\t\t\t\t<\/div>\n\t\t\t\t<\/div>\n\t\t\t\t\t<\/div>\n\t\t<\/div>\n\t\t\t\t\t\t\t<\/div>\n\t\t<\/section>\n\t\t\t\t\t\t\t<\/div>\n\t\t","protected":false},"excerpt":{"rendered":"<p>Blogu<\/p>\n","protected":false},"author":2,"featured_media":0,"parent":0,"menu_order":0,"comment_status":"closed","ping_status":"closed","template":"elementor_header_footer","meta":{"footnotes":""},"class_list":["post-1799","page","type-page","status-publish","hentry"],"_links":{"self":[{"href":"https:\/\/dekoll.al\/pinto\/wp-json\/wp\/v2\/pages\/1799","targetHints":{"allow":["GET"]}}],"collection":[{"href":"https:\/\/dekoll.al\/pinto\/wp-json\/wp\/v2\/pages"}],"about":[{"href":"https:\/\/dekoll.al\/pinto\/wp-json\/wp\/v2\/types\/page"}],"author":[{"embeddable":true,"href":"https:\/\/dekoll.al\/pinto\/wp-json\/wp\/v2\/users\/2"}],"replies":[{"embeddable":true,"href":"https:\/\/dekoll.al\/pinto\/wp-json\/wp\/v2\/comments?post=1799"}],"version-history":[{"count":16,"href":"https:\/\/dekoll.al\/pinto\/wp-json\/wp\/v2\/pages\/1799\/revisions"}],"predecessor-version":[{"id":2033,"href":"https:\/\/dekoll.al\/pinto\/wp-json\/wp\/v2\/pages\/1799\/revisions\/2033"}],"wp:attachment":[{"href":"https:\/\/dekoll.al\/pinto\/wp-json\/wp\/v2\/media?parent=1799"}],"curies":[{"name":"wp","href":"https:\/\/api.w.org\/{rel}","templated":true}]}}